 What are the prime factors of o?
2, 3, 5, 31
Let f(d) = -4*d**2 - 18 - 18*d - 8*d + 2*d**3 - d**3 + 20*d. What are the prime factors of f(7)?
3, 29
Let t(p) = 2*p - 14. Let d(o) = -2*o + 14. Let x(q) = -2*d(q) - 3*t(q). What are the prime factors of x(-6)?
2, 13
Let i(f) = 2*f**2 - 8*f - 1. Let x = -3 + 7. Let l be i(x). List the prime factors of (l + -2 - -36) + -2.
31
Let w(f) = f + 103. What are the prime factors of w(-8)?
5, 19
Let x = -178 + 268. Let n = x - 84. List the prime factors of n.
2, 3
Suppose 2*r - 14 = y - 5*y, -2*y - 2*r = -6. Let a(o) = o**2 - o + 6. Let h be a(0). Suppose d = -q + 12, 0 = y*q - d + h - 49. What are the prime factors of q?
11
Let h be 1942/3*3/(-4)*-2. Suppose -5*b + h = 151. What are the prime factors of b?
2, 41
Suppose 0 = w - 4 + 2. Suppose -28 = -2*y - w*y. What are the prime factors of y?
7
Let w(l) be the first derivative of 13*l**2/2 - 13*l + 37. Let y = -6 + 10. What are the prime factors of w(y)?
3, 13
Let w = 2850 + -1740. List the prime factors of w.
2, 3, 5, 37
Let j(n) = -467*n + 49. What are the prime factors of j(-7)?
2, 3, 7, 79
Let i(n) = n - 5. Let l be i(8). Let w be (-2)/l*798/28. Let d = 27 - w. List the prime factors of d.
2, 23
Suppose 35 = -k + 135. List the prime factors of ((-880)/k)/(2/(-15)).
2, 3, 11
Suppose 3*m - 10 = -4*t - 0*m, 2*m - 16 = -5*t. Let x = 361 - 202. What are the prime factors of (-3)/t + x/4?
3, 13
Suppose 4*t + 20 = 0, -f + 555 = 3*f + t. Let o(j) = f + 0*j - j**3 - 2*j - 5*j**2 - 139. What are the prime factors of o(-5)?
11
Let d = -33 - -36. Suppose d*r + 259 = 2*b + 8*r, -b + 2*r + 125 = 0. List the prime factors of b.
127
Let r = -272 - -193. What are the prime factors of 2 - (r/2)/((-4)/(-8))?
3
Suppose -4*v = 4*h + 28, 2*h - 5 = v - 13. List the prime factors of (-7024)/(-112) + v/(-7).
3, 7
Suppose 120 = -17*a + 19*a. Let g = 158 - a. List the prime factors of g.
2, 7
Suppose -q = -t - 1073, 4*q - 3*t + t - 4292 = 0. List the prime factors of q.
29, 37
Suppose -k - 3*k = -4*p - 5212, k + 2*p - 1309 = 0. What are the prime factors of k?
3, 5, 29
Suppose -39*l = -54*l + 7620. List the prime factors of l.
2, 127
Let o(v) = 21*v**2 - 13*v + 10. What are the prime factors of o(-3)?
2, 7, 17
Suppose 3*q - 4*r - 15 = 0, 2*q + r - 3 = 7. Suppose 2*p + 1 = -2*b - 3, p = -q*b + 18. Let u = p - -14. List the prime factors of u.
7
Let s = -18 + 495. List the prime factors of s.
3, 53
Let s(v) = 8*v + 12. Let n be s(-5). Let u be (-7)/n - 193/4. List the prime factors of 0 + -2 - (0 + u).
2, 23
Let q(n) = 4*n**2 + 5*n - 62. List the prime factors of q(14).
2, 3, 11
Let o be (-1 - 12/(-9))*3. Let g = 0 + o. List the prime factors of (-9 - 0)*g/(-3).
3
Suppose -5*q + 11 = 1. Suppose -2529*g + 2523*g + 120 = 0. Suppose 3*x + 2 = -2*k, q + g = x - 5*k. What are the prime factors of x?
2
Suppose 0 = 5*y - 2*w + 2685, -711 = 2*y + w + 363. What are the prime factors of ((-40)/60)/(2/y)?
179
Let t(k) = 2 - 4*k - 3*k**2 - 4 + k + k**3. Suppose d - 4*y = -3*d + 8, -4*d - y = -18. What are the prime factors of t(d)?
2
Let h be (-9 + 4 + 7)/((-1)/(-2)). Suppose 0 = g - 4*q - 64, 0 = h*g + 5*q - 4*q - 290. List the prime factors of g.
2, 3
Suppose -b - 1 = -6. Suppose 13 = -2*u + 5*i - b, -3*u + 23 = 5*i. Suppose -5*x = -9 - u. List the prime factors of x.
2
Let u = 1758 - -345. List the prime factors of u.
3, 701
Let w = 3 - -2. Suppose 0 = 4*b + 20, 2*v + v + w*b = -4. List the prime factors of v.
7
Suppose 3*s - 3813 = 2256. What are the prime factors of s?
7, 17
Let w = -17 - -10. Let b be ((-14)/2)/(w/(-49)). Let y = b + 88. What are the prime factors of y?
3, 13
Let y(w) be the third derivative of w**5/30 - 19*w**4/24 - 5*w**3/3 + 19*w**2. List the prime factors of y(14).
2, 29
List the prime factors of 12/(-21) - (-7 - 49312/56).
887
Suppose 4*p + 4*g + 19 + 5 = 0, -3*p + 2*g = 23. Let k(c) = 5*c**2 + 9*c - 10. List the prime factors of k(p).
2, 43
Suppose -2*o + 8 = -0*h + h, -3*h = -5*o - 13. Let t = -1 + h. List the prime factors of ((-8)/t)/((-2)/5).
2
Let o = -68 - -131. Let i = -9 + o. List the prime factors of i - (-3)/1*1.
3, 19
Let k(o) = 16*o**3 - 7*o**2 + 3*o - 29. What are the prime factors of k(4)?
5, 179
Suppose -5*c + 15 = 0, -c = 5*y - 3*c - 594. Let m be 16/(-4)*5/(-2). Suppose -5*b + m*b = y. List the prime factors of b.
2, 3
Let k(m) = m**3 - 9*m**2 + 3*m + 16. Let q be (1/3)/(4/108). List the prime factors of k(q).
43
Let v = 1993 - 27. What are the prime factors of v?
2, 983
Suppose 0 = 2*j - 3*t + 6, 0*t + 2 = 2*j - 5*t. List the prime factors of (0 + 3)*(-573)/j.
191
Let h(w) = 4 + 3 + 7 + 8 - w**2 - 10*w. List the prime factors of h(-11).
11
What are the prime factors of 881/2 + (-21)/42?
2, 5, 11
Let w = -44 - -81. Suppose -115 = -2*o + w. List the prime factors of o.
2, 19
Let o(c) = -8*c**2 - 5*c - 3. Let v(l) = -8*l**2 - 6*l - 3. Let g(a) = -7*o(a) + 6*v(a). What are the prime factors of g(3)?
2, 3
Suppose 9110 = 3*s + k, -12*s - k = -17*s + 15178. List the prime factors of s.
2, 3, 11, 23
Suppose 0*k - 3*k + 9 = -5*f, -5*k - 5*f + 15 = 0. Suppose 2 = -k*q + 2*q. What are the prime factors of -11*(q - 4/4)?
3, 11
Let y(b) = 3*b + 219. Let t be y(0). Suppose -336 + 112 = -2*c - 4*w, 2*c + 3*w - t = 0. What are the prime factors of c?
2, 3, 17
Suppose 4*q = q + 18. Suppose -r - 10 = -q*r. Suppose -5*w + u + 237 = 0, w + r*u - 51 = 4*u. What are the prime factors of w?
47
Suppose 4*y - v = 137, -y + 50 = 2*v + 3*v. Let z(m) = -m - 7. Let q be z(-7). Suppose q = 5*b - 90 - y. List the prime factors of b.
5
Suppose -5*v + f - 36 = 0, 3*v = f - 5*f - 17. Let n(a) = a**3 + 10*a**2 + 11*a + 13. List the prime factors of n(v).
83
Suppose 143*j - 141*j - 7614 = 0. What are the prime factors of j?
3, 47
Let m(y) = -25*y**2 + 3*y - 3. Let k be m(1). Let b = k + 25. What are the prime factors of -4 - -40 - (b + -1)?
37
Let q be (-4)/10 - 44/(-10). Suppose 0 = -b - 3*p + 3 + 15, -q*b + p = -46. List the prime factors of b.
2, 3
Suppose -137*d + 143*d = 4986. What are the prime factors of d?
3, 277
List the prime factors of (30/9)/((133/(-336))/(-19)).
2, 5
Suppose 10*b - 4*b = 6. List the prime factors of (-1 + 3 + b)/((-87)/(-3074)).
2, 53
Suppose 5*o - 5*h = 25, 4*h = o - 3 - 5. Suppose -2*u - 7 = -3*u. Let r = o + u. List the prime factors of r.
11
Let c(y) = -y**3 + 3*y**2 - 2*y + 3. Let r be c(3). Let f be 1 + r*(-4)/6. List the prime factors of 2/f*(-225)/(-6).
5
List the prime factors of (39/(-52))/(3/(-13900)).
5, 139
Let r = -1481 + 2093. List the prime factors of r.
2, 3, 17
Let w(i) = -i**3 + 25*i**2 - 26*i + 1. What are the prime factors of w(22)?
881
Let u = 1265 - 647. List the prime factors of u.
2, 3, 103
Let h = -79 + 81. Suppose -3*n = x - 109, h*n + 0*n = -3*x + 348. List the prime factors of x.
2, 59
Suppose 36*s - 112 = 34*s. Let j = s - 165. Let f = j + 163. What are the prime factors of f?
2, 3
Let w(u) = u**3 - 10*u**2 + 8*u + 5. Let x(q) = q + 3. Let d be x(6). Let m be w(d). List the prime factors of (60/35)/(m/(-70)).
2, 3, 5
Let h = 24 + -12. Suppose -4*n = -f + 10, -2*f = 3*f - n - h. Suppose -f*g = -68 + 2. List the prime factors of g.
3, 11
Let s be (63/(-5))/(0 + (-5)/50). Suppose 2*r - 300 = s. What are the prime factors of r?
3, 71
Suppose s + 870 = -5*s. Let z = s + 242. List the prime factors of z.
97
Let o be 42/15 + 16/(-20). Let z be 3/o*(-17 - -15). List the prime factors of 26 + z + 1 + -4.
2, 5
Suppose -a - 4336 = -9*a. List the prime factors of a.
2, 271
Let w be ((-6)/(-5))/(9/120). Let u be ((-12)/(-12))/(2/w). Suppose -u*p + 4*p = -24. What are the prime factors of p?
2, 3
Suppose 2*j - 20 = 10. List the prime factors of ((-21)/3 - -2)/((-3)/j).
5
Suppose 0 = 8*f - 3*f + 445. Let i = f - -150. What are the prime factors of i?
61
Let n = 121 + -66. What are the prime factors of (-10)/n - 882/(-11)?
2, 5
What are the prime factors of (4 + 0)/(4/336)?
2, 3, 7
Let x = 55 - 7. Suppose -3*f - x = -f. List the prime factors of 4/24 + (-860)/f.
2, 3
Suppose 4*n = 4*k + 724, 0*n - 548 = -3*n + 2*k. Suppose 2*m + 0*m + l = n, 0 = -5*l. What are the prime factors of m?
3, 31
Let x(j) = -j - 5. Suppose 0 = -4*o - 14 - 6. Let n be x(o). Suppose 4*d - 104 = -n*d. List the prime factors of d.
2, 13
Let c = -11 + 14. Suppo